{"id":141,"date":"2024-02-09T11:45:21","date_gmt":"2024-02-09T11:45:21","guid":{"rendered":"https:\/\/bnit.pl\/?page_id=141"},"modified":"2026-05-04T17:43:17","modified_gmt":"2026-05-04T16:43:17","slug":"registered-zarejestrowani","status":"publish","type":"page","link":"https:\/\/bnit.pl\/index.php\/registered-zarejestrowani\/","title":{"rendered":"Registered participants  \/  Zarejestrowani Uczestnicy"},"content":{"rendered":"\n<h2 class=\"wp-block-heading\"><strong>REGISTERED PARTICIPANTS &#8211; 2026 Championship<\/strong><br><br><\/h2>\n\n\n\n<div class=\"wp-block-columns is-layout-flex wp-container-core-columns-is-layout-9d6595d7 wp-block-columns-is-layout-flex\">\n<div class=\"wp-block-column is-layout-flow wp-block-column-is-layout-flow\" style=\"flex-basis:100%\">\n<div class=\"wp-block-columns is-layout-flex wp-container-core-columns-is-layout-9d6595d7 wp-block-columns-is-layout-flex\">\n<div class=\"wp-block-column is-layout-flow wp-block-column-is-layout-flow\" style=\"flex-basis:100%\">\n<figure class=\"wp-block-table is-style-stripes\"><table><thead><tr><th> Registered Participant \/ Zarejestrowany Uczestnik<\/th><th class=\"has-text-align-center\" data-align=\"center\"><strong>Nationality \/ Kra<\/strong>j<\/th><th class=\"has-text-align-center\" data-align=\"center\"><strong>Club \/ Klub <\/strong>   <\/th><th class=\"has-text-align-center\" data-align=\"center\"><strong>Payment \/ P\u0142atno\u015b\u0107<\/strong><\/th><th class=\"has-text-align-center\" data-align=\"center\"><strong>Gender \/ P\u0142e\u0107<\/strong>  <\/th><\/tr><\/thead><tbody><tr><td>1. Anna Maria Ptak<\/td><td class=\"has-text-align-center\" data-align=\"center\">Poland <\/td><td class=\"has-text-align-center\" data-align=\"center\">BNiT<\/td><td class=\"has-text-align-center\" data-align=\"center\">Not Paid<\/td><td class=\"has-text-align-center\" data-align=\"center\">Female<\/td><\/tr><tr><td>2. Rafa\u0142 Nowosielski<\/td><td class=\"has-text-align-center\" data-align=\"center\">Poland<\/td><td class=\"has-text-align-center\" data-align=\"center\">BNiT<\/td><td class=\"has-text-align-center\" data-align=\"center\">Not Paid<\/td><td class=\"has-text-align-center\" data-align=\"center\">Male<\/td><\/tr><tr><td>3. \u0141ukasz Gruszczy\u0144ski<\/td><td class=\"has-text-align-center\" data-align=\"center\">Poland<\/td><td class=\"has-text-align-center\" data-align=\"center\">BNiT<\/td><td class=\"has-text-align-center\" data-align=\"center\">Not Paid<\/td><td class=\"has-text-align-center\" data-align=\"center\">Male<\/td><\/tr><tr><td>4. Mateusz W\u00f3jcik<\/td><td class=\"has-text-align-center\" data-align=\"center\">Poland<\/td><td class=\"has-text-align-center\" data-align=\"center\">BNiT<\/td><td class=\"has-text-align-center\" data-align=\"center\">Not Paid<\/td><td class=\"has-text-align-center\" data-align=\"center\">Male<\/td><\/tr><tr><td>5. Ivan Petreje<\/td><td class=\"has-text-align-center\" data-align=\"center\">Slovakia<\/td><td class=\"has-text-align-center\" data-align=\"center\">Slovensk\u00fd westernov\u00fd klub<\/td><td class=\"has-text-align-center\" data-align=\"center\">Not Paid<\/td><td class=\"has-text-align-center\" data-align=\"center\">Male<\/td><\/tr><tr><td>6. Alan Wickham<\/td><td class=\"has-text-align-center\" data-align=\"center\">Australia<\/td><td class=\"has-text-align-center\" data-align=\"center\">No Club \/ Niezrzeszony<\/td><td class=\"has-text-align-center\" data-align=\"center\">Not Paid<\/td><td class=\"has-text-align-center\" data-align=\"center\">Male<\/td><\/tr><tr><td>7. Aleksander Michalczyk<\/td><td class=\"has-text-align-center\" data-align=\"center\">Poland<\/td><td class=\"has-text-align-center\" data-align=\"center\">No Club \/ Niezrzeszony<\/td><td class=\"has-text-align-center\" data-align=\"center\">Not Paid<\/td><td class=\"has-text-align-center\" data-align=\"center\">Male<\/td><\/tr><tr><td>8. Adam Lipski<\/td><td class=\"has-text-align-center\" data-align=\"center\">Poland<\/td><td class=\"has-text-align-center\" data-align=\"center\">BNiT<\/td><td class=\"has-text-align-center\" data-align=\"center\">Not Paid<\/td><td class=\"has-text-align-center\" data-align=\"center\">Male<\/td><\/tr><\/tbody><\/table><\/figure>\n<\/div>\n<\/div>\n<\/div>\n<\/div>\n\n\n\n<p>If Your payment status hasn&#8217;t appear right away &#8211; relax and wait one or two days. It will. \/ Je\u015bli status twojej p\u0142atno\u015bci nie pojawia si\u0119 z miejsca &#8211; poczekaj dzie\u0144 lub dwa. Pojawi si\u0119.<\/p>\n\n\n\n<h2 class=\"wp-block-heading\"><\/h2>\n\n\n\n<h2 class=\"wp-block-heading has-text-align-center\">COMPETING COUTRIES AT THIS MOMENT: <\/h2>\n\n\n\n<figure class=\"wp-block-table aligncenter is-style-stripes\"><table><tbody><tr><td><img decoding=\"async\" width=\"150\" height=\"94\" class=\"wp-image-403\" style=\"width: 150px;\" src=\"http:\/\/bnit.pl\/wp-content\/uploads\/2024\/05\/Poland.png\" alt=\"\" srcset=\"https:\/\/bnit.pl\/wp-content\/uploads\/2024\/05\/Poland.png 383w, https:\/\/bnit.pl\/wp-content\/uploads\/2024\/05\/Poland-300x187.png 300w\" sizes=\"(max-width: 150px) 100vw, 150px\" \/><\/td><td><img decoding=\"async\" width=\"150\" height=\"100\" class=\"wp-image-1033\" style=\"width: 150px;\" src=\"http:\/\/bnit.pl\/wp-content\/uploads\/2025\/07\/Flag_of_Slovakia.png\" alt=\"\" srcset=\"https:\/\/bnit.pl\/wp-content\/uploads\/2025\/07\/Flag_of_Slovakia.png 1200w, https:\/\/bnit.pl\/wp-content\/uploads\/2025\/07\/Flag_of_Slovakia-300x200.png 300w, https:\/\/bnit.pl\/wp-content\/uploads\/2025\/07\/Flag_of_Slovakia-1024x683.png 1024w, https:\/\/bnit.pl\/wp-content\/uploads\/2025\/07\/Flag_of_Slovakia-768x512.png 768w, https:\/\/bnit.pl\/wp-content\/uploads\/2025\/07\/Flag_of_Slovakia-450x300.png 450w\" sizes=\"(max-width: 150px) 100vw, 150px\" \/><\/td><td><img decoding=\"async\" width=\"150\" height=\"99\" class=\"wp-image-1268\" style=\"width: 150px;\" src=\"http:\/\/bnit.pl\/wp-content\/uploads\/2026\/02\/flaga-australia.jpg\" alt=\"\" srcset=\"https:\/\/bnit.pl\/wp-content\/uploads\/2026\/02\/flaga-australia.jpg 1046w, https:\/\/bnit.pl\/wp-content\/uploads\/2026\/02\/flaga-australia-300x198.jpg 300w, https:\/\/bnit.pl\/wp-content\/uploads\/2026\/02\/flaga-australia-1024x675.jpg 1024w, https:\/\/bnit.pl\/wp-content\/uploads\/2026\/02\/flaga-australia-768x506.jpg 768w, https:\/\/bnit.pl\/wp-content\/uploads\/2026\/02\/flaga-australia-455x300.jpg 455w\" sizes=\"(max-width: 150px) 100vw, 150px\" \/><\/td><td><\/td><\/tr><\/tbody><\/table><\/figure>\n\n\n\n<p><\/p>\n","protected":false},"excerpt":{"rendered":"<p>REGISTERED PARTICIPANTS &#8211; 2026 Championship Registered Participant \/ Zarejestrowany Uczestnik Nationality \/ Kraj Club \/ Klub Payment \/ P\u0142atno\u015b\u0107 Gender \/ P\u0142e\u0107 1. Anna Maria &hellip;<\/p>\n","protected":false},"author":1,"featured_media":0,"parent":0,"menu_order":0,"comment_status":"closed","ping_status":"closed","template":"","meta":{"_seopress_robots_primary_cat":"","_seopress_titles_title":"","_seopress_titles_desc":"","_seopress_robots_index":"","footnotes":""},"class_list":["post-141","page","type-page","status-publish","hentry"],"_links":{"self":[{"href":"https:\/\/bnit.pl\/index.php\/wp-json\/wp\/v2\/pages\/141","targetHints":{"allow":["GET"]}}],"collection":[{"href":"https:\/\/bnit.pl\/index.php\/wp-json\/wp\/v2\/pages"}],"about":[{"href":"https:\/\/bnit.pl\/index.php\/wp-json\/wp\/v2\/types\/page"}],"author":[{"embeddable":true,"href":"https:\/\/bnit.pl\/index.php\/wp-json\/wp\/v2\/users\/1"}],"replies":[{"embeddable":true,"href":"https:\/\/bnit.pl\/index.php\/wp-json\/wp\/v2\/comments?post=141"}],"version-history":[{"count":90,"href":"https:\/\/bnit.pl\/index.php\/wp-json\/wp\/v2\/pages\/141\/revisions"}],"predecessor-version":[{"id":1273,"href":"https:\/\/bnit.pl\/index.php\/wp-json\/wp\/v2\/pages\/141\/revisions\/1273"}],"wp:attachment":[{"href":"https:\/\/bnit.pl\/index.php\/wp-json\/wp\/v2\/media?parent=141"}],"curies":[{"name":"wp","href":"https:\/\/api.w.org\/{rel}","templated":true}]}}