{"id":337,"date":"2024-05-26T19:28:24","date_gmt":"2024-05-26T18:28:24","guid":{"rendered":"https:\/\/bnit.pl\/?page_id=337"},"modified":"2025-06-05T13:12:34","modified_gmt":"2025-06-05T12:12:34","slug":"rekordy-polski-records-od-poland","status":"publish","type":"page","link":"https:\/\/bnit.pl\/index.php\/rekordy-polski-records-od-poland\/","title":{"rendered":"REKORDY POLSKI \/ RECORDS OF POLAND"},"content":{"rendered":"\t\t<div data-elementor-type=\"wp-page\" data-elementor-id=\"337\" class=\"elementor elementor-337\">\n\t\t\t\t<div class=\"elementor-element elementor-element-26ca5fc e-flex e-con-boxed e-con e-parent\" data-id=\"26ca5fc\" data-element_type=\"container\">\n\t\t\t\t\t<div class=\"e-con-inner\">\n\t\t\t\t<div class=\"elementor-element elementor-element-2afde48 elementor-widget elementor-widget-heading\" data-id=\"2afde48\" data-element_type=\"widget\" data-widget_type=\"heading.default\">\n\t\t\t\t<div class=\"elementor-widget-container\">\n\t\t\t\t\t<h2 class=\"elementor-heading-title elementor-size-default\">REKORDY POLSKI W RZUCANIU NO\u017bAMI I TOPORAMI \/ RECORDS OF POLAND IN THROWING KNIVES AND AXES\/TOMAHAWKS<\/h2>\t\t\t\t<\/div>\n\t\t\t\t<\/div>\n\t\t\t\t\t<\/div>\n\t\t\t\t<\/div>\n\t\t<div class=\"elementor-element elementor-element-d34606b e-flex e-con-boxed e-con e-parent\" data-id=\"d34606b\" data-element_type=\"container\">\n\t\t\t\t\t<div class=\"e-con-inner\">\n\t\t\t\t<div class=\"elementor-element elementor-element-73a0aae elementor-widget-divider--view-line elementor-widget elementor-widget-divider\" data-id=\"73a0aae\" data-element_type=\"widget\" data-widget_type=\"divider.default\">\n\t\t\t\t<div class=\"elementor-widget-container\">\n\t\t\t\t\t\t\t<div class=\"elementor-divider\">\n\t\t\t<span class=\"elementor-divider-separator\">\n\t\t\t\t\t\t<\/span>\n\t\t<\/div>\n\t\t\t\t\t\t<\/div>\n\t\t\t\t<\/div>\n\t\t\t\t\t<\/div>\n\t\t\t\t<\/div>\n\t\t<div class=\"elementor-element elementor-element-29a8b29 e-flex e-con-boxed e-con e-parent\" data-id=\"29a8b29\" data-element_type=\"container\">\n\t\t\t\t\t<div class=\"e-con-inner\">\n\t\t\t\t\t<\/div>\n\t\t\t\t<\/div>\n\t\t<div class=\"elementor-element elementor-element-474ab2a e-flex e-con-boxed e-con e-parent\" data-id=\"474ab2a\" data-element_type=\"container\">\n\t\t\t\t\t<div class=\"e-con-inner\">\n\t\t\t\t<div class=\"elementor-element elementor-element-18cd424 elementor-widget elementor-widget-heading\" data-id=\"18cd424\" data-element_type=\"widget\" data-widget_type=\"heading.default\">\n\t\t\t\t<div class=\"elementor-widget-container\">\n\t\t\t\t\t<h4 class=\"elementor-heading-title elementor-size-default\">REKORDY ONLINE<\/h4>\t\t\t\t<\/div>\n\t\t\t\t<\/div>\n\t\t\t\t\t<\/div>\n\t\t\t\t<\/div>\n\t\t<div class=\"elementor-element elementor-element-82d19cf e-flex e-con-boxed e-con e-parent\" data-id=\"82d19cf\" data-element_type=\"container\">\n\t\t\t\t\t<div class=\"e-con-inner\">\n\t\t\t\t<div class=\"elementor-element elementor-element-6527672 elementor-widget elementor-widget-heading\" data-id=\"6527672\" data-element_type=\"widget\" data-widget_type=\"heading.default\">\n\t\t\t\t<div class=\"elementor-widget-container\">\n\t\t\t\t\t<h5 class=\"elementor-heading-title elementor-size-default\">Konkurencje Turniejowe<\/h5>\t\t\t\t<\/div>\n\t\t\t\t<\/div>\n\t\t\t\t<div class=\"elementor-element elementor-element-35c6ba9 elementor-widget elementor-widget-text-editor\" data-id=\"35c6ba9\" data-element_type=\"widget\" data-widget_type=\"text-editor.default\">\n\t\t\t\t<div class=\"elementor-widget-container\">\n\t\t\t\t\t\t\t\t\t<p><strong>WALKBACK N\u00d3\u017b NO-SPIN (najlepsze 5 rekord\u00f3w)<br \/>&#8212;&#8212;&#8212;&#8212;&#8212;&#8212;&#8212;&#8212;&#8212;&#8212;&#8212;&#8212;&#8212;&#8212;&#8212;&#8212;&#8212;&#8212;&#8212;&#8212;&#8212;&#8212;&#8212;&#8212;&#8212;-<br \/>1.\u00a0 244 Pkt &#8211; <\/strong><em><span style=\"color: #0000ff;\">Rafa\u0142 Nowosielski<\/span><\/em><strong><em> (2024)<\/em><br \/>VIDEO TUTAJ \/ VIDEO HERE: <a href=\"https:\/\/youtu.be\/xx1R9Stt3iw?si=ZfBkgZyYzgbg4xGZ\">WATCH ON YOUTUBE<\/a><br \/><\/strong> 1.\u00a0 215 Pkt &#8211; <span style=\"color: #0000ff;\"><em>Rafa\u0142 Nowosielski <span style=\"color: #808080;\">(2024)<\/span><\/em><\/span><br \/>VIDEO TUTAJ \/ VIDEO HERE: <a href=\"https:\/\/youtu.be\/3Udld0XD9iI\">Watch on Youtube<\/a><\/p><p><strong>WALKBACK TOPOREK\/SIEKIERA (najlepsze 5 rekord\u00f3w)<br \/>&#8212;&#8212;&#8212;&#8212;&#8212;&#8212;&#8212;&#8212;&#8212;&#8212;&#8212;&#8212;&#8212;&#8212;&#8212;&#8212;&#8212;&#8212;&#8212;&#8212;&#8212;&#8212;&#8212;&#8212;&#8212;-<br \/><\/strong> 1.\u00a0 252 Pkt &#8211; <em><span style=\"color: #0000ff;\">Gregor Paprocki<\/span> (2024)<\/em><br \/>VIDEO TUTAJ \/ VIDEO HERE: <span style=\"color: #ff9900;\">https:\/\/youtu.be\/cyMWqBWfMMk<\/span><\/p><p><strong>DESKA \/ PLANK &#8211; SPIN <\/strong><strong>(najlepsze 5 rekord\u00f3w)<\/strong><br \/><strong>&#8212;&#8212;&#8212;&#8212;&#8212;&#8212;&#8212;&#8212;&#8212;&#8212;&#8212;&#8212;&#8212;&#8212;&#8212;&#8212;&#8212;&#8212;&#8212;&#8212;&#8212;&#8212;&#8212;&#8212;&#8212;-<\/strong><br \/>1.\u00a0 45 punkt\u00f3w &#8211; <span style=\"color: #0000ff;\">Gregor Paprocki<\/span> (2024)<br \/>VIDEO TUTAJ: <span style=\"color: #ff9900;\">https:\/\/youtu.be\/c9rVw7LppS4<\/span><br \/>2.\u00a0 44 punkty &#8211; <span style=\"color: #0000ff;\">Gregor Paprocki <span style=\"color: #808080;\">(2024)<\/span><\/span><br \/>VIDEO TUTAJ : <span style=\"color: #ff9900;\">https:\/\/youtu.be\/Eel_OMSdTrY<\/span><\/p><p><em><strong>Long Distance NO-SPIN N\u00d3\u017b\u00a0 <\/strong><strong>(najlepsze 5 rekord\u00f3w)<\/strong><br \/><strong>&#8212;&#8212;&#8212;&#8212;&#8212;&#8212;&#8212;&#8212;&#8212;&#8212;&#8212;&#8212;&#8212;&#8212;&#8212;&#8212;&#8212;&#8212;&#8212;&#8212;&#8212;&#8212;&#8212;&#8212;&#8212;-<\/strong><br \/>1.\u00a0 16 metr\u00f3w &#8211; <span style=\"color: #0000ff;\">Rafa\u0142 Nowosielski<\/span> (2024)<br \/>VIDEO TUTAJ: <span style=\"color: #ff9900;\">https:\/\/youtu.be\/-DEUjiRJNqw?si=JrLosazFlnYtrtao<\/span><\/em><\/p><p><em><strong>Long Distance SPIN TOPOREK\/SIEKIERKA\u00a0 <\/strong><strong>(najlepsze 5 rekord\u00f3w<\/strong><\/em><br \/><strong>&#8212;&#8212;&#8212;&#8212;&#8212;&#8212;&#8212;&#8212;&#8212;&#8212;&#8212;&#8212;&#8212;&#8212;&#8212;&#8212;&#8212;&#8212;&#8212;&#8212;&#8212;&#8212;&#8212;&#8212;&#8212;-<\/strong><br \/>1.\u00a0 20,29m &#8211; <span style=\"color: #0000ff;\">Rafa\u0142 Nowosielski<\/span> (2024)<br \/>VIDEO TUTAJ: <span style=\"color: #ff9900;\">https:\/\/youtu.be\/Y0l9H9UBwHc?si=zZjZxZMfbkvBjpuf<\/span><\/p>\t\t\t\t\t\t\t\t<\/div>\n\t\t\t\t<\/div>\n\t\t\t\t<div class=\"elementor-element elementor-element-3209eeb elementor-widget elementor-widget-heading\" data-id=\"3209eeb\" data-element_type=\"widget\" data-widget_type=\"heading.default\">\n\t\t\t\t<div class=\"elementor-widget-container\">\n\t\t\t\t\t<h5 class=\"elementor-heading-title elementor-size-default\">Konkurencje Pozaturniejowe<\/h5>\t\t\t\t<\/div>\n\t\t\t\t<\/div>\n\t\t\t\t<div class=\"elementor-element elementor-element-ebfd6b9 elementor-widget elementor-widget-text-editor\" data-id=\"ebfd6b9\" data-element_type=\"widget\" data-widget_type=\"text-editor.default\">\n\t\t\t\t<div class=\"elementor-widget-container\">\n\t\t\t\t\t\t\t\t\t<p><strong>RZUT TOMAHAWKIEM Z JEDNEJ NAJWI\u0118KSZEJ ODLEG\u0141O\u015aCI (najlepsze 5 rekord\u00f3w)<\/strong><br \/><strong>&#8212;&#8212;&#8212;&#8212;&#8212;&#8212;&#8212;&#8212;&#8212;&#8212;&#8212;&#8212;&#8212;&#8212;&#8212;&#8212;&#8212;&#8212;&#8212;&#8212;&#8212;&#8212;&#8212;&#8212;&#8212;-<\/strong><\/p><p>1.\u00a0 25metr\u00f3w w tarcz\u0119 o \u015brednicy 50cm &#8211; <em><span style=\"color: #0000ff;\">S\u0142awomir Rawski<\/span> (2024)<br \/>VIDEO TUTAJ: <span style=\"color: #ff9900;\">https:\/\/youtu.be\/pFIi_dE8Pow<\/span><br \/><\/em><\/p>\t\t\t\t\t\t\t\t<\/div>\n\t\t\t\t<\/div>\n\t\t\t\t<div class=\"elementor-element elementor-element-32c7b41 elementor-widget-divider--view-line elementor-widget elementor-widget-divider\" data-id=\"32c7b41\" data-element_type=\"widget\" data-widget_type=\"divider.default\">\n\t\t\t\t<div class=\"elementor-widget-container\">\n\t\t\t\t\t\t\t<div class=\"elementor-divider\">\n\t\t\t<span class=\"elementor-divider-separator\">\n\t\t\t\t\t\t<\/span>\n\t\t<\/div>\n\t\t\t\t\t\t<\/div>\n\t\t\t\t<\/div>\n\t\t\t\t\t<\/div>\n\t\t\t\t<\/div>\n\t\t<div class=\"elementor-element elementor-element-8df55ed e-flex e-con-boxed e-con e-parent\" data-id=\"8df55ed\" data-element_type=\"container\">\n\t\t\t\t\t<div class=\"e-con-inner\">\n\t\t\t\t<div class=\"elementor-element elementor-element-108c589 elementor-widget elementor-widget-text-editor\" data-id=\"108c589\" data-element_type=\"widget\" data-widget_type=\"text-editor.default\">\n\t\t\t\t<div class=\"elementor-widget-container\">\n\t\t\t\t\t\t\t\t\t<p style=\"text-align: center;\"><strong>PRZE\u015aLIJ NAM SW\u00d3J REKORD W RZUCANIU NO\u017bEM LUB TOPOREM<\/strong><\/p><p><span style=\"color: #339966;\">Jak mo\u017cesz zobaczy\u0107 swoje osi\u0105gniecie na oficjalnej stronie Bractwa No\u017ca i Topora ?<\/span><br \/>Nic prostszego. Wy\u015blij nam swoje nagranie w postaci linka ze swojego profliu na Youtube, lub surowy plik poprzez wetransfer\/dysk google na maila: <br \/><span style=\"color: #0000ff;\">jatvingrav@gmail.com<\/span>. <br \/>Opisz w jakiej konkurencji osi\u0105gn\u0105\u0142e\u015b sw\u00f3j wynik i pami\u0119taj aby na filmie widoczne by\u0142y:<br \/>&#8211; Odleg\u0142o\u015bci z jakich rzucasz(metr\u00f3wka b\u0119dzie pomocna).<br \/>&#8211; Zbli\u017cenia po trafieniach w cel (je\u015bli to konkurencje precyzyjne),<br \/>&#8211; Zar\u00f3wno miotacz (ty) jak i cel (tarcza). <br \/>&#8211; ca\u0142e nagranie bez ci\u0119\u0107 (ci\u0105g\u0142o\u015b\u0107 bez edycji w programach),<br \/>Po weryfikacji prawid\u0142owego nagrania &#8211; opublikujemy je!!! <br \/>Do\u0142\u0105cz do naszej listy rekord\u00f3w!<\/p>\t\t\t\t\t\t\t\t<\/div>\n\t\t\t\t<\/div>\n\t\t\t\t\t<\/div>\n\t\t\t\t<\/div>\n\t\t\t\t<\/div>\n\t\t","protected":false},"excerpt":{"rendered":"<p>REKORDY POLSKI W RZUCANIU NO\u017bAMI I TOPORAMI \/ RECORDS OF POLAND IN THROWING KNIVES AND AXES\/TOMAHAWKS REKORDY ONLINE Konkurencje Turniejowe WALKBACK N\u00d3\u017b NO-SPIN (najlepsze 5 &hellip;<\/p>\n","protected":false},"author":1,"featured_media":0,"parent":0,"menu_order":0,"comment_status":"closed","ping_status":"closed","template":"","meta":{"_seopress_robots_primary_cat":"","_seopress_titles_title":"","_seopress_titles_desc":"","_seopress_robots_index":"","footnotes":""},"class_list":["post-337","page","type-page","status-publish","hentry"],"_links":{"self":[{"href":"https:\/\/bnit.pl\/index.php\/wp-json\/wp\/v2\/pages\/337","targetHints":{"allow":["GET"]}}],"collection":[{"href":"https:\/\/bnit.pl\/index.php\/wp-json\/wp\/v2\/pages"}],"about":[{"href":"https:\/\/bnit.pl\/index.php\/wp-json\/wp\/v2\/types\/page"}],"author":[{"embeddable":true,"href":"https:\/\/bnit.pl\/index.php\/wp-json\/wp\/v2\/users\/1"}],"replies":[{"embeddable":true,"href":"https:\/\/bnit.pl\/index.php\/wp-json\/wp\/v2\/comments?post=337"}],"version-history":[{"count":122,"href":"https:\/\/bnit.pl\/index.php\/wp-json\/wp\/v2\/pages\/337\/revisions"}],"predecessor-version":[{"id":1011,"href":"https:\/\/bnit.pl\/index.php\/wp-json\/wp\/v2\/pages\/337\/revisions\/1011"}],"wp:attachment":[{"href":"https:\/\/bnit.pl\/index.php\/wp-json\/wp\/v2\/media?parent=337"}],"curies":[{"name":"wp","href":"https:\/\/api.w.org\/{rel}","templated":true}]}}